{"id":500,"date":"2022-11-01T21:15:48","date_gmt":"2022-11-01T21:15:48","guid":{"rendered":"https:\/\/advent-ausstellung.de\/?page_id=500"},"modified":"2022-11-06T17:46:42","modified_gmt":"2022-11-06T17:46:42","slug":"werkstatt-gefluester","status":"publish","type":"page","link":"https:\/\/advent-ausstellung.de\/?page_id=500","title":{"rendered":"Werkstatt.Gefl\u00fcster"},"content":{"rendered":"\n<div class=\"wp-block-columns is-layout-flex wp-container-18 wp-block-columns-is-layout-flex\">\n<div class=\"wp-block-column is-layout-flow wp-block-column-is-layout-flow\">\n<p>Hier d\u00fcrfen Sie mir immer wieder \u00fcber die Schulter schauen und dabei sein, wenn ich meiner kreativen Phase freien Lauf lasse\u2026<\/p>\n\n\n\n<div class=\"wp-block-columns is-layout-flex wp-container-5 wp-block-columns-is-layout-flex\">\n<div class=\"wp-block-column is-layout-flow wp-block-column-is-layout-flow\" style=\"flex-basis:33.33%\">\n<p>&#8230;die &#8218;groben&#8216; Vorarbeiten haben schon vor einiger Zeit begonnen&#8230;<\/p>\n<\/div>\n\n\n\n<div class=\"wp-block-column is-layout-flow wp-block-column-is-layout-flow\" style=\"flex-basis:66.66%\">\n<figure class=\"wp-block-gallery has-nested-images columns-default is-cropped wp-block-gallery-2 is-layout-flex wp-block-gallery-is-layout-flex\">\n<figure class=\"wp-block-image size-full\"><img decoding=\"async\" loading=\"lazy\" width=\"765\" height=\"262\" src=\"https:\/\/advent-ausstellung.de\/wp-content\/uploads\/2022\/11\/Wergstattgefluester-03.jpg\" alt=\"\" class=\"wp-image-520\" srcset=\"https:\/\/advent-ausstellung.de\/wp-content\/uploads\/2022\/11\/Wergstattgefluester-03.jpg 765w, https:\/\/advent-ausstellung.de\/wp-content\/uploads\/2022\/11\/Wergstattgefluester-03-300x103.jpg 300w, https:\/\/advent-ausstellung.de\/wp-content\/uploads\/2022\/11\/Wergstattgefluester-03-500x171.jpg 500w, https:\/\/advent-ausstellung.de\/wp-content\/uploads\/2022\/11\/Wergstattgefluester-03-700x240.jpg 700w\" sizes=\"(max-width: 765px) 100vw, 765px\" \/><\/figure>\n<\/figure>\n<\/div>\n<\/div>\n\n\n\n<div class=\"wp-block-columns is-layout-flex wp-container-10 wp-block-columns-is-layout-flex\">\n<div class=\"wp-block-column is-layout-flow wp-block-column-is-layout-flow\" style=\"flex-basis:33.33%\">\n<p>&#8230; Sp\u00e4ne fliegen; S\u00e4gebl\u00e4tter  werden stumpf&#8230;<\/p>\n<\/div>\n\n\n\n<div class=\"wp-block-column is-layout-flow wp-block-column-is-layout-flow\" style=\"flex-basis:66.66%\">\n<figure class=\"wp-block-gallery has-nested-images columns-default is-cropped wp-block-gallery-7 is-layout-flex wp-block-gallery-is-layout-flex\">\n<figure class=\"wp-block-image size-full\"><img decoding=\"async\" loading=\"lazy\" width=\"766\" height=\"256\" src=\"https:\/\/advent-ausstellung.de\/wp-content\/uploads\/2022\/11\/Wergstattgefluester-05.jpg\" alt=\"\" class=\"wp-image-521\" srcset=\"https:\/\/advent-ausstellung.de\/wp-content\/uploads\/2022\/11\/Wergstattgefluester-05.jpg 766w, https:\/\/advent-ausstellung.de\/wp-content\/uploads\/2022\/11\/Wergstattgefluester-05-300x100.jpg 300w, https:\/\/advent-ausstellung.de\/wp-content\/uploads\/2022\/11\/Wergstattgefluester-05-500x167.jpg 500w, https:\/\/advent-ausstellung.de\/wp-content\/uploads\/2022\/11\/Wergstattgefluester-05-700x234.jpg 700w\" sizes=\"(max-width: 766px) 100vw, 766px\" \/><\/figure>\n<\/figure>\n<\/div>\n<\/div>\n\n\n\n<div class=\"wp-block-columns is-layout-flex wp-container-13 wp-block-columns-is-layout-flex\">\n<div class=\"wp-block-column is-layout-flow wp-block-column-is-layout-flow\" style=\"flex-basis:33.33%\">\n<p>und auch mal etwas eingeheizt &#8230;<\/p>\n<\/div>\n\n\n\n<div class=\"wp-block-column is-layout-flow wp-block-column-is-layout-flow\" style=\"flex-basis:66.66%\">\n<figure class=\"wp-block-image size-large\"><img decoding=\"async\" loading=\"lazy\" width=\"1024\" height=\"341\" src=\"https:\/\/advent-ausstellung.de\/wp-content\/uploads\/2022\/11\/Wergstattgefluester-06-1024x341.jpg\" alt=\"\" class=\"wp-image-522\" srcset=\"https:\/\/advent-ausstellung.de\/wp-content\/uploads\/2022\/11\/Wergstattgefluester-06-1024x341.jpg 1024w, https:\/\/advent-ausstellung.de\/wp-content\/uploads\/2022\/11\/Wergstattgefluester-06-300x100.jpg 300w, https:\/\/advent-ausstellung.de\/wp-content\/uploads\/2022\/11\/Wergstattgefluester-06-768x256.jpg 768w, https:\/\/advent-ausstellung.de\/wp-content\/uploads\/2022\/11\/Wergstattgefluester-06-1536x512.jpg 1536w, https:\/\/advent-ausstellung.de\/wp-content\/uploads\/2022\/11\/Wergstattgefluester-06-500x167.jpg 500w, https:\/\/advent-ausstellung.de\/wp-content\/uploads\/2022\/11\/Wergstattgefluester-06-700x233.jpg 700w, https:\/\/advent-ausstellung.de\/wp-content\/uploads\/2022\/11\/Wergstattgefluester-06.jpg 1594w\" sizes=\"(max-width: 1024px) 100vw, 1024px\" \/><\/figure>\n<\/div>\n<\/div>\n\n\n\n<div class=\"wp-block-columns is-layout-flex wp-container-16 wp-block-columns-is-layout-flex\">\n<div class=\"wp-block-column is-layout-flow wp-block-column-is-layout-flow\" style=\"flex-basis:33.33%\">\n<p>&#8230;manches wird getrocknet&#8230;<\/p>\n<\/div>\n\n\n\n<div class=\"wp-block-column is-layout-flow wp-block-column-is-layout-flow\" style=\"flex-basis:66.66%\">\n<figure class=\"wp-block-image size-full\"><img decoding=\"async\" loading=\"lazy\" width=\"765\" height=\"256\" src=\"https:\/\/advent-ausstellung.de\/wp-content\/uploads\/2022\/11\/Bild1.jpg\" alt=\"\" class=\"wp-image-525\" srcset=\"https:\/\/advent-ausstellung.de\/wp-content\/uploads\/2022\/11\/Bild1.jpg 765w, https:\/\/advent-ausstellung.de\/wp-content\/uploads\/2022\/11\/Bild1-300x100.jpg 300w, https:\/\/advent-ausstellung.de\/wp-content\/uploads\/2022\/11\/Bild1-500x167.jpg 500w, https:\/\/advent-ausstellung.de\/wp-content\/uploads\/2022\/11\/Bild1-700x234.jpg 700w\" sizes=\"(max-width: 765px) 100vw, 765px\" \/><\/figure>\n<\/div>\n<\/div>\n<\/div>\n<\/div>\n\n\n\n<div class=\"wp-block-columns is-layout-flex wp-container-21 wp-block-columns-is-layout-flex\">\n<div class=\"wp-block-column is-layout-flow wp-block-column-is-layout-flow\" style=\"flex-basis:33.33%\">\n<p>&#8230; so langsam nimmt es Form an&#8230;<\/p>\n<\/div>\n\n\n\n<div class=\"wp-block-column is-layout-flow wp-block-column-is-layout-flow\" style=\"flex-basis:66.66%\">\n<figure class=\"wp-block-image size-large\"><img decoding=\"async\" loading=\"lazy\" width=\"1024\" height=\"339\" src=\"https:\/\/advent-ausstellung.de\/wp-content\/uploads\/2022\/11\/Wergstattgefluester-01-1024x339.jpg\" alt=\"\" class=\"wp-image-526\" srcset=\"https:\/\/advent-ausstellung.de\/wp-content\/uploads\/2022\/11\/Wergstattgefluester-01-1024x339.jpg 1024w, https:\/\/advent-ausstellung.de\/wp-content\/uploads\/2022\/11\/Wergstattgefluester-01-300x99.jpg 300w, https:\/\/advent-ausstellung.de\/wp-content\/uploads\/2022\/11\/Wergstattgefluester-01-768x254.jpg 768w, https:\/\/advent-ausstellung.de\/wp-content\/uploads\/2022\/11\/Wergstattgefluester-01-500x165.jpg 500w, https:\/\/advent-ausstellung.de\/wp-content\/uploads\/2022\/11\/Wergstattgefluester-01-700x232.jpg 700w, https:\/\/advent-ausstellung.de\/wp-content\/uploads\/2022\/11\/Wergstattgefluester-01.jpg 1028w\" sizes=\"(max-width: 1024px) 100vw, 1024px\" \/><\/figure>\n<\/div>\n<\/div>\n\n\n\n<div class=\"wp-block-columns is-layout-flex wp-container-24 wp-block-columns-is-layout-flex\">\n<div class=\"wp-block-column is-layout-flow wp-block-column-is-layout-flow\" style=\"flex-basis:33.33%\">\n<p>&#8230; beerig und bunt&#8230;<\/p>\n<\/div>\n\n\n\n<div class=\"wp-block-column is-layout-flow wp-block-column-is-layout-flow\" style=\"flex-basis:66.66%\">\n<figure class=\"wp-block-image size-large\"><img decoding=\"async\" loading=\"lazy\" width=\"1024\" height=\"341\" src=\"https:\/\/advent-ausstellung.de\/wp-content\/uploads\/2022\/11\/Wergstattgefluester-07-1024x341.jpg\" alt=\"\" class=\"wp-image-527\" srcset=\"https:\/\/advent-ausstellung.de\/wp-content\/uploads\/2022\/11\/Wergstattgefluester-07-1024x341.jpg 1024w, https:\/\/advent-ausstellung.de\/wp-content\/uploads\/2022\/11\/Wergstattgefluester-07-300x100.jpg 300w, https:\/\/advent-ausstellung.de\/wp-content\/uploads\/2022\/11\/Wergstattgefluester-07-768x256.jpg 768w, https:\/\/advent-ausstellung.de\/wp-content\/uploads\/2022\/11\/Wergstattgefluester-07-1536x512.jpg 1536w, https:\/\/advent-ausstellung.de\/wp-content\/uploads\/2022\/11\/Wergstattgefluester-07-500x167.jpg 500w, https:\/\/advent-ausstellung.de\/wp-content\/uploads\/2022\/11\/Wergstattgefluester-07-700x233.jpg 700w, https:\/\/advent-ausstellung.de\/wp-content\/uploads\/2022\/11\/Wergstattgefluester-07.jpg 1594w\" sizes=\"(max-width: 1024px) 100vw, 1024px\" \/><\/figure>\n<\/div>\n<\/div>\n\n\n\n<div class=\"wp-block-columns is-layout-flex wp-container-27 wp-block-columns-is-layout-flex\">\n<div class=\"wp-block-column is-layout-flow wp-block-column-is-layout-flow\"><\/div>\n\n\n\n<div class=\"wp-block-column is-layout-flow wp-block-column-is-layout-flow\"><\/div>\n<\/div>\n\n\n\n<div class=\"wp-block-columns is-layout-flex wp-container-32 wp-block-columns-is-layout-flex\">\n<div class=\"wp-block-column is-layout-flow wp-block-column-is-layout-flow\" style=\"flex-basis:33.33%\">\n<p>&#8230; Lieblingspl\u00e4tze entstehen&#8230;<\/p>\n<\/div>\n\n\n\n<div class=\"wp-block-column is-layout-flow wp-block-column-is-layout-flow\" style=\"flex-basis:66.66%\">\n<figure class=\"wp-block-gallery has-nested-images columns-default is-cropped wp-block-gallery-29 is-layout-flex wp-block-gallery-is-layout-flex\">\n<figure class=\"wp-block-image size-large\"><img decoding=\"async\" loading=\"lazy\" width=\"1024\" height=\"341\" src=\"https:\/\/advent-ausstellung.de\/wp-content\/uploads\/2022\/11\/Werkstattgefluester-09-1024x341.jpg\" alt=\"\" class=\"wp-image-553\" srcset=\"https:\/\/advent-ausstellung.de\/wp-content\/uploads\/2022\/11\/Werkstattgefluester-09-1024x341.jpg 1024w, https:\/\/advent-ausstellung.de\/wp-content\/uploads\/2022\/11\/Werkstattgefluester-09-300x100.jpg 300w, https:\/\/advent-ausstellung.de\/wp-content\/uploads\/2022\/11\/Werkstattgefluester-09-768x256.jpg 768w, https:\/\/advent-ausstellung.de\/wp-content\/uploads\/2022\/11\/Werkstattgefluester-09-1536x511.jpg 1536w, https:\/\/advent-ausstellung.de\/wp-content\/uploads\/2022\/11\/Werkstattgefluester-09-500x166.jpg 500w, https:\/\/advent-ausstellung.de\/wp-content\/uploads\/2022\/11\/Werkstattgefluester-09-700x233.jpg 700w, https:\/\/advent-ausstellung.de\/wp-content\/uploads\/2022\/11\/Werkstattgefluester-09.jpg 1593w\" sizes=\"(max-width: 1024px) 100vw, 1024px\" \/><\/figure>\n<\/figure>\n<\/div>\n<\/div>\n\n\n\n<div class=\"wp-block-columns is-layout-flex wp-container-35 wp-block-columns-is-layout-flex\">\n<div class=\"wp-block-column is-layout-flow wp-block-column-is-layout-flow\" style=\"flex-basis:33.33%\">\n<p>&#8230; Licht flutet den Raum&#8230;<\/p>\n<\/div>\n\n\n\n<div class=\"wp-block-column is-layout-flow wp-block-column-is-layout-flow\" style=\"flex-basis:66.66%\">\n<figure class=\"wp-block-image size-full\"><img decoding=\"async\" loading=\"lazy\" width=\"1021\" height=\"346\" src=\"https:\/\/advent-ausstellung.de\/wp-content\/uploads\/2022\/11\/Werkstattgefluester-.jpg\" alt=\"\" class=\"wp-image-555\" srcset=\"https:\/\/advent-ausstellung.de\/wp-content\/uploads\/2022\/11\/Werkstattgefluester-.jpg 1021w, https:\/\/advent-ausstellung.de\/wp-content\/uploads\/2022\/11\/Werkstattgefluester--300x102.jpg 300w, https:\/\/advent-ausstellung.de\/wp-content\/uploads\/2022\/11\/Werkstattgefluester--768x260.jpg 768w, https:\/\/advent-ausstellung.de\/wp-content\/uploads\/2022\/11\/Werkstattgefluester--500x169.jpg 500w, https:\/\/advent-ausstellung.de\/wp-content\/uploads\/2022\/11\/Werkstattgefluester--700x237.jpg 700w\" sizes=\"(max-width: 1021px) 100vw, 1021px\" \/><\/figure>\n<\/div>\n<\/div>\n","protected":false},"excerpt":{"rendered":"<p>Hier d\u00fcrfen Sie mir immer wieder \u00fcber die Schulter schauen und dabei sein, wenn ich meiner kreativen Phase freien Lauf lasse\u2026 &#8230;die<\/p>\n<p class=\"link-more\"><a class=\"myButt \" href=\"https:\/\/advent-ausstellung.de\/?page_id=500\">Read More<\/a><\/p>\n","protected":false},"author":1,"featured_media":0,"parent":0,"menu_order":0,"comment_status":"closed","ping_status":"closed","template":"","meta":{"footnotes":""},"_links":{"self":[{"href":"https:\/\/advent-ausstellung.de\/index.php?rest_route=\/wp\/v2\/pages\/500"}],"collection":[{"href":"https:\/\/advent-ausstellung.de\/index.php?rest_route=\/wp\/v2\/pages"}],"about":[{"href":"https:\/\/advent-ausstellung.de\/index.php?rest_route=\/wp\/v2\/types\/page"}],"author":[{"embeddable":true,"href":"https:\/\/advent-ausstellung.de\/index.php?rest_route=\/wp\/v2\/users\/1"}],"replies":[{"embeddable":true,"href":"https:\/\/advent-ausstellung.de\/index.php?rest_route=%2Fwp%2Fv2%2Fcomments&post=500"}],"version-history":[{"count":4,"href":"https:\/\/advent-ausstellung.de\/index.php?rest_route=\/wp\/v2\/pages\/500\/revisions"}],"predecessor-version":[{"id":556,"href":"https:\/\/advent-ausstellung.de\/index.php?rest_route=\/wp\/v2\/pages\/500\/revisions\/556"}],"wp:attachment":[{"href":"https:\/\/advent-ausstellung.de\/index.php?rest_route=%2Fwp%2Fv2%2Fmedia&parent=500"}],"curies":[{"name":"wp","href":"https:\/\/api.w.org\/{rel}","templated":true}]}}

Werkstatt.Geflüster

<div class="wp-block-columns is-layout-flex wp-container-18 wp-block-columns-is-layout-flex">
<div class="wp-block-column is-layout-flow wp-block-column-is-layout-flow">
<p>Hier dürfen Sie mir immer wieder über die Schulter schauen und dabei sein, wenn ich meiner kreativen Phase freien Lauf lasse…</p>



<div class="wp-block-columns is-layout-flex wp-container-5 wp-block-columns-is-layout-flex">
<div class="wp-block-column is-layout-flow wp-block-column-is-layout-flow" style="flex-basis:33.33%">
<p>&#8230;die &#8218;groben&#8216; Vorarbeiten haben schon vor einiger Zeit begonnen&#8230;</p>
</div>



<div class="wp-block-column is-layout-flow wp-block-column-is-layout-flow" style="flex-basis:66.66%">
<figure class="wp-block-gallery has-nested-images columns-default is-cropped wp-block-gallery-2 is-layout-flex wp-block-gallery-is-layout-flex">
<figure class="wp-block-image size-full"><img decoding="async" loading="lazy" width="765" height="262" src="https://advent-ausstellung.de/wp-content/uploads/2022/11/Wergstattgefluester-03.jpg" alt="" class="wp-image-520" srcset="https://advent-ausstellung.de/wp-content/uploads/2022/11/Wergstattgefluester-03.jpg 765w, https://advent-ausstellung.de/wp-content/uploads/2022/11/Wergstattgefluester-03-300x103.jpg 300w, https://advent-ausstellung.de/wp-content/uploads/2022/11/Wergstattgefluester-03-500x171.jpg 500w, https://advent-ausstellung.de/wp-content/uploads/2022/11/Wergstattgefluester-03-700x240.jpg 700w" sizes="(max-width: 765px) 100vw, 765px" /></figure>
</figure>
</div>
</div>



<div class="wp-block-columns is-layout-flex wp-container-10 wp-block-columns-is-layout-flex">
<div class="wp-block-column is-layout-flow wp-block-column-is-layout-flow" style="flex-basis:33.33%">
<p>&#8230; Späne fliegen; Sägeblätter  werden stumpf&#8230;</p>
</div>



<div class="wp-block-column is-layout-flow wp-block-column-is-layout-flow" style="flex-basis:66.66%">
<figure class="wp-block-gallery has-nested-images columns-default is-cropped wp-block-gallery-7 is-layout-flex wp-block-gallery-is-layout-flex">
<figure class="wp-block-image size-full"><img decoding="async" loading="lazy" width="766" height="256" src="https://advent-ausstellung.de/wp-content/uploads/2022/11/Wergstattgefluester-05.jpg" alt="" class="wp-image-521" srcset="https://advent-ausstellung.de/wp-content/uploads/2022/11/Wergstattgefluester-05.jpg 766w, https://advent-ausstellung.de/wp-content/uploads/2022/11/Wergstattgefluester-05-300x100.jpg 300w, https://advent-ausstellung.de/wp-content/uploads/2022/11/Wergstattgefluester-05-500x167.jpg 500w, https://advent-ausstellung.de/wp-content/uploads/2022/11/Wergstattgefluester-05-700x234.jpg 700w" sizes="(max-width: 766px) 100vw, 766px" /></figure>
</figure>
</div>
</div>



<div class="wp-block-columns is-layout-flex wp-container-13 wp-block-columns-is-layout-flex">
<div class="wp-block-column is-layout-flow wp-block-column-is-layout-flow" style="flex-basis:33.33%">
<p>und auch mal etwas eingeheizt &#8230;</p>
</div>



<div class="wp-block-column is-layout-flow wp-block-column-is-layout-flow" style="flex-basis:66.66%">
<figure class="wp-block-image size-large"><img decoding="async" loading="lazy" width="1024" height="341" src="https://advent-ausstellung.de/wp-content/uploads/2022/11/Wergstattgefluester-06-1024x341.jpg" alt="" class="wp-image-522" srcset="https://advent-ausstellung.de/wp-content/uploads/2022/11/Wergstattgefluester-06-1024x341.jpg 1024w, https://advent-ausstellung.de/wp-content/uploads/2022/11/Wergstattgefluester-06-300x100.jpg 300w, https://advent-ausstellung.de/wp-content/uploads/2022/11/Wergstattgefluester-06-768x256.jpg 768w, https://advent-ausstellung.de/wp-content/uploads/2022/11/Wergstattgefluester-06-1536x512.jpg 1536w, https://advent-ausstellung.de/wp-content/uploads/2022/11/Wergstattgefluester-06-500x167.jpg 500w, https://advent-ausstellung.de/wp-content/uploads/2022/11/Wergstattgefluester-06-700x233.jpg 700w, https://advent-ausstellung.de/wp-content/uploads/2022/11/Wergstattgefluester-06.jpg 1594w" sizes="(max-width: 1024px) 100vw, 1024px" /></figure>
</div>
</div>



<div class="wp-block-columns is-layout-flex wp-container-16 wp-block-columns-is-layout-flex">
<div class="wp-block-column is-layout-flow wp-block-column-is-layout-flow" style="flex-basis:33.33%">
<p>&#8230;manches wird getrocknet&#8230;</p>
</div>



<div class="wp-block-column is-layout-flow wp-block-column-is-layout-flow" style="flex-basis:66.66%">
<figure class="wp-block-image size-full"><img decoding="async" loading="lazy" width="765" height="256" src="https://advent-ausstellung.de/wp-content/uploads/2022/11/Bild1.jpg" alt="" class="wp-image-525" srcset="https://advent-ausstellung.de/wp-content/uploads/2022/11/Bild1.jpg 765w, https://advent-ausstellung.de/wp-content/uploads/2022/11/Bild1-300x100.jpg 300w, https://advent-ausstellung.de/wp-content/uploads/2022/11/Bild1-500x167.jpg 500w, https://advent-ausstellung.de/wp-content/uploads/2022/11/Bild1-700x234.jpg 700w" sizes="(max-width: 765px) 100vw, 765px" /></figure>
</div>
</div>
</div>
</div>



<div class="wp-block-columns is-layout-flex wp-container-21 wp-block-columns-is-layout-flex">
<div class="wp-block-column is-layout-flow wp-block-column-is-layout-flow" style="flex-basis:33.33%">
<p>&#8230; so langsam nimmt es Form an&#8230;</p>
</div>



<div class="wp-block-column is-layout-flow wp-block-column-is-layout-flow" style="flex-basis:66.66%">
<figure class="wp-block-image size-large"><img decoding="async" loading="lazy" width="1024" height="339" src="https://advent-ausstellung.de/wp-content/uploads/2022/11/Wergstattgefluester-01-1024x339.jpg" alt="" class="wp-image-526" srcset="https://advent-ausstellung.de/wp-content/uploads/2022/11/Wergstattgefluester-01-1024x339.jpg 1024w, https://advent-ausstellung.de/wp-content/uploads/2022/11/Wergstattgefluester-01-300x99.jpg 300w, https://advent-ausstellung.de/wp-content/uploads/2022/11/Wergstattgefluester-01-768x254.jpg 768w, https://advent-ausstellung.de/wp-content/uploads/2022/11/Wergstattgefluester-01-500x165.jpg 500w, https://advent-ausstellung.de/wp-content/uploads/2022/11/Wergstattgefluester-01-700x232.jpg 700w, https://advent-ausstellung.de/wp-content/uploads/2022/11/Wergstattgefluester-01.jpg 1028w" sizes="(max-width: 1024px) 100vw, 1024px" /></figure>
</div>
</div>



<div class="wp-block-columns is-layout-flex wp-container-24 wp-block-columns-is-layout-flex">
<div class="wp-block-column is-layout-flow wp-block-column-is-layout-flow" style="flex-basis:33.33%">
<p>&#8230; beerig und bunt&#8230;</p>
</div>



<div class="wp-block-column is-layout-flow wp-block-column-is-layout-flow" style="flex-basis:66.66%">
<figure class="wp-block-image size-large"><img decoding="async" loading="lazy" width="1024" height="341" src="https://advent-ausstellung.de/wp-content/uploads/2022/11/Wergstattgefluester-07-1024x341.jpg" alt="" class="wp-image-527" srcset="https://advent-ausstellung.de/wp-content/uploads/2022/11/Wergstattgefluester-07-1024x341.jpg 1024w, https://advent-ausstellung.de/wp-content/uploads/2022/11/Wergstattgefluester-07-300x100.jpg 300w, https://advent-ausstellung.de/wp-content/uploads/2022/11/Wergstattgefluester-07-768x256.jpg 768w, https://advent-ausstellung.de/wp-content/uploads/2022/11/Wergstattgefluester-07-1536x512.jpg 1536w, https://advent-ausstellung.de/wp-content/uploads/2022/11/Wergstattgefluester-07-500x167.jpg 500w, https://advent-ausstellung.de/wp-content/uploads/2022/11/Wergstattgefluester-07-700x233.jpg 700w, https://advent-ausstellung.de/wp-content/uploads/2022/11/Wergstattgefluester-07.jpg 1594w" sizes="(max-width: 1024px) 100vw, 1024px" /></figure>
</div>
</div>



<div class="wp-block-columns is-layout-flex wp-container-27 wp-block-columns-is-layout-flex">
<div class="wp-block-column is-layout-flow wp-block-column-is-layout-flow"></div>



<div class="wp-block-column is-layout-flow wp-block-column-is-layout-flow"></div>
</div>



<div class="wp-block-columns is-layout-flex wp-container-32 wp-block-columns-is-layout-flex">
<div class="wp-block-column is-layout-flow wp-block-column-is-layout-flow" style="flex-basis:33.33%">
<p>&#8230; Lieblingsplätze entstehen&#8230;</p>
</div>



<div class="wp-block-column is-layout-flow wp-block-column-is-layout-flow" style="flex-basis:66.66%">
<figure class="wp-block-gallery has-nested-images columns-default is-cropped wp-block-gallery-29 is-layout-flex wp-block-gallery-is-layout-flex">
<figure class="wp-block-image size-large"><img decoding="async" loading="lazy" width="1024" height="341" src="https://advent-ausstellung.de/wp-content/uploads/2022/11/Werkstattgefluester-09-1024x341.jpg" alt="" class="wp-image-553" srcset="https://advent-ausstellung.de/wp-content/uploads/2022/11/Werkstattgefluester-09-1024x341.jpg 1024w, https://advent-ausstellung.de/wp-content/uploads/2022/11/Werkstattgefluester-09-300x100.jpg 300w, https://advent-ausstellung.de/wp-content/uploads/2022/11/Werkstattgefluester-09-768x256.jpg 768w, https://advent-ausstellung.de/wp-content/uploads/2022/11/Werkstattgefluester-09-1536x511.jpg 1536w, https://advent-ausstellung.de/wp-content/uploads/2022/11/Werkstattgefluester-09-500x166.jpg 500w, https://advent-ausstellung.de/wp-content/uploads/2022/11/Werkstattgefluester-09-700x233.jpg 700w, https://advent-ausstellung.de/wp-content/uploads/2022/11/Werkstattgefluester-09.jpg 1593w" sizes="(max-width: 1024px) 100vw, 1024px" /></figure>
</figure>
</div>
</div>



<div class="wp-block-columns is-layout-flex wp-container-35 wp-block-columns-is-layout-flex">
<div class="wp-block-column is-layout-flow wp-block-column-is-layout-flow" style="flex-basis:33.33%">
<p>&#8230; Licht flutet den Raum&#8230;</p>
</div>



<div class="wp-block-column is-layout-flow wp-block-column-is-layout-flow" style="flex-basis:66.66%">
<figure class="wp-block-image size-full"><img decoding="async" loading="lazy" width="1021" height="346" src="https://advent-ausstellung.de/wp-content/uploads/2022/11/Werkstattgefluester-.jpg" alt="" class="wp-image-555" srcset="https://advent-ausstellung.de/wp-content/uploads/2022/11/Werkstattgefluester-.jpg 1021w, https://advent-ausstellung.de/wp-content/uploads/2022/11/Werkstattgefluester--300x102.jpg 300w, https://advent-ausstellung.de/wp-content/uploads/2022/11/Werkstattgefluester--768x260.jpg 768w, https://advent-ausstellung.de/wp-content/uploads/2022/11/Werkstattgefluester--500x169.jpg 500w, https://advent-ausstellung.de/wp-content/uploads/2022/11/Werkstattgefluester--700x237.jpg 700w" sizes="(max-width: 1021px) 100vw, 1021px" /></figure>
</div>
</div>

<p>Hier dürfen Sie mir immer wieder über die Schulter schauen und dabei sein, wenn ich meiner kreativen Phase freien Lauf lasse… &#8230;die</p>
<p class="link-more"><a class="myButt " href="https://advent-ausstellung.de/?page_id=500">Read More</a></p>
